lculate the highest common divisor of 1 and 33.
1
Calculate the greatest common factor of 2664 and 72.
72
What is the highest common factor of 1133 and 11?
11
What is the greatest common divisor of 816 and 12?
12
Calculate the greatest common divisor of 6 and 675.
3
Calculate the highest common divisor of 66 and 14916.
66
What is the greatest common divisor of 16 and 1264?
16
What is the highest common divisor of 133 and 28?
7
What is the greatest common factor of 88 and 64?
8
Calculate the highest common factor of 9 and 261.
9
What is the greatest common factor of 18 and 24?
6
Calculate the greatest common divisor of 434 and 2294.
62
Calculate the highest common factor of 411 and 1.
1
Calculate the highest common divisor of 4480 and 105.
35
What is the greatest common factor of 18 and 96?
6
What is the greatest common divisor of 2727 and 101?
101
What is the highest common divisor of 33 and 429?
33
What is the highest common divisor of 1206 and 72?
18
What is the greatest common factor of 26649 and 94?
47
What is the highest common factor of 4 and 9?
1
What is the greatest common factor of 190 and 10?
10
Calculate the highest common divisor of 17356 and 4.
4
What is the highest common divisor of 1998 and 148?
74
What is the highest common divisor of 705 and 240?
15
Calculate the greatest common factor of 9 and 153.
9
What is the highest common divisor of 807 and 3?
3
Calculate the greatest common divisor of 3 and 6.
3
What is the highest common factor of 643 and 1?
1
Calculate the greatest common factor of 975 and 150.
75
Calculate the greatest common divisor of 32 and 6.
2
What is the highest common divisor of 75 and 2400?
75
Calculate the greatest common divisor of 8 and 1672.
8
Calculate the highest common factor of 7 and 679.
7
Calculate the greatest common factor of 852 and 24.
12
Calculate the highest common divisor of 169 and 221.
13
Calculate the greatest common factor of 8450 and 50.
50
What is the highest common divisor of 15 and 1280?
5
Calculate the greatest common divisor of 276 and 207.
69
What is the greatest common divisor of 70 and 245?
35
Calculate the highest common divisor of 123980 and 20.
20
Calculate the highest common divisor of 154 and 42.
14
What is the highest common factor of 50 and 800?
50
Calculate the highest common factor of 405 and 15.
15
Calculate the greatest common factor of 3699 and 216.
27
Calculate the greatest common factor of 16445 and 55.
55
Calculate the highest common factor of 5 and 181.
1
Calculate the highest common divisor of 72 and 32.
8
What is the greatest common divisor of 21 and 117?
3
Calculate the greatest common factor of 407 and 2827.
11
What is the greatest common factor of 28 and 6804?
28
What is the highest common divisor of 3 and 375?
3
What is the greatest common divisor of 36 and 48?
12
Calculate the highest common factor of 520 and 1144.
104
What is the greatest common divisor of 448 and 28?
28
What is the highest common factor of 4077 and 54?
27
What is the highest common factor of 286 and 234?
26
Calculate the greatest common divisor of 275 and 11.
11
What is the greatest common factor of 134 and 2479?
67
Calculate the greatest common factor of 76 and 1.
1
What is the greatest common factor of 168 and 49?
7
What is the greatest common factor of 74 and 12358?
74
Calculate the highest common factor of 368 and 80.
16
What is the greatest common divisor of 387 and 9?
9
What is the highest common factor of 496 and 64?
16
Calculate the highest common factor of 376 and 423.
47
What is the highest common divisor of 3 and 237?
3
What is the highest common factor of 8 and 26?
2
Calculate the greatest common factor of 123 and 12.
3
Calculate the highest common factor of 140 and 640.
20
Calculate the highest common divisor of 288 and 368.
16
What is the greatest common factor of 817 and 43?
43
Calculate the highest common factor of 77 and 42.
7
Calculate the highest common factor of 2158 and 26.
26
Calculate the greatest common divisor of 122 and 1891.
61
Calculate the highest common divisor of 73 and 1971.
73
Calculate the highest common divisor of 2592 and 252.
36
What is the highest common divisor of 63 and 329?
7
What is the greatest common divisor of 7 and 1099?
7
Calculate the greatest common factor of 26 and 611.
13
What is the greatest common divisor of 20 and 11270?
10
Calculate the greatest common factor of 246 and 156.
6
What is the greatest common factor of 20 and 175?
5
Calculate the greatest common factor of 810 and 28890.
270
What is the highest common factor of 3294 and 61?
61
What is the highest common factor of 666 and 126?
18
What is the greatest common factor of 34 and 697?
17
What is the highest common factor of 884 and 2788?
68
What is the greatest common factor of 9 and 3?
3
What is the highest common factor of 1638 and 390?
78
Calculate the greatest common factor of 725 and 1875.
25
Calculate the highest common factor of 218 and 94394.
218
Calculate the greatest common divisor of 100 and 16.
4
What is the greatest common divisor of 3798 and 3?
3
What is the greatest common factor of 770 and 1232?
154
What is the greatest common divisor of 16 and 6352?
16
What is the greatest common factor of 48 and 648?
24
Calculate the greatest common factor of 860 and 645.
215
What is the greatest common factor of 38 and 3021?
19
What is the greatest common factor of 133 and 76?
19
Calculate the highest common factor of 109 and 109.
109
What is the highest common factor of 32 and 32?
32
What is the greatest common divisor of 10 and 730?
10
Calculate the greatest common divisor of 74 and 814.
74
Calculate the highest common divisor of 78 and 2769.
39
What is the highest common factor of 416 and 256?
32
What is the greatest common divisor of 11289 and 159?
159
What is the highest common divisor of 6775 and 25?
25
What is the greatest common divisor of 2231 and 23?
23
Calculate the highest common divisor of 513 and 4788.
171
What is the highest common divisor of 21 and 280?
7
What is the greatest common divisor of 42 and 98?
14
Calculate the highest common divisor of 120 and 420.
60
Calculate the highest common factor of 16393 and 169.
169
What is the highest common divisor of 493 and 187?
17
What is the greatest common divisor of 198 and 1512?
18
Calculate the highest common divisor of 23 and 966.
23
What is the greatest common factor of 1472 and 1024?
64
Calculate the greatest common divisor of 945 and 280.
35
What is the highest common factor of 63 and 324?
9
Calculate the highest common divisor of 1358 and 28.
14
What is the highest common divisor of 65 and 845?
65
What is the greatest common factor of 20 and 620?
20
Calculate the greatest common divisor of 2839 and 34.
17
What is the greatest common factor of 28 and 13328?
28
Calculate the highest common factor of 108 and 2781.
27
Calculate the greatest common divisor of 10 and 310.
10
What is the greatest common divisor of 1056 and 32?
32
What is the highest common divisor of 4661 and 118?
59
What is the highest common divisor of 756 and 9?
9
Calculate the highest common factor of 18 and 1926.
18
Calculate the highest common divisor of 286 and 682.
22
What is the highest common divisor of 1591 and 111?
37
Calculate the highest common factor of 3551 and 53.
53
Calculate the highest common factor of 4 and 604.
4
What is the greatest common divisor of 744 and 10664?
248
What is the highest common factor of 36 and 564?
12
Calculate the highest common divisor of 18 and 24.
6
What is the highest common divisor of 130 and 2070?
10
Calculate the highest common factor of 851 and 814.
37
Calculate the highest common factor of 176 and 1320.
88
What is the highest common divisor of 13 and 637?
13
Calculate the greatest common divisor of 250 and 450.
50
Calculate the highest common divisor of 14 and 49.
7
What is the greatest common factor of 32 and 848?
16
What is the greatest common factor of 312 and 3144?
24
What is the highest common divisor of 672 and 864?
96
Calculate the highest common divisor of 18505 and 5.
5
What is the greatest common divisor of 1611 and 1253?
179
What is the highest common factor of 97 and 1?
1
Calculate the highest common factor of 3749 and 23.
23
What is the highest common factor of 8215 and 530?
265
What